ermine l(1).
4
Let p(i) = -3*i**2 - i + 1. Suppose 0 = -3*z + 2*k + 3*k + 13, -4*z = -k - 6. Calculate p(z).
-3
Let z(r) = -r**3 - 4*r**2 + 6*r - 7. Suppose -32*y = -11*y + 105. What is z(y)?
-12
Suppose 12*n - 40 = 7*n. Let k(z) = z**2 - 7*z - 6. Let r be k(n). Let t(v) = -3*v**2 + v. What is t(r)?
-10
Suppose 5*b = b - 4, 0 = 3*d + 3*b + 6. Let j(y) = 4*y**2 + 23*y - 5. Let f be j(-6). Let r be (f/4)/(d/(-4)). Let n(o) = -10*o**3 - o**2 + 1. Calculate n(r).
-10
Let r(z) be the first derivative of -z**4/12 - z**3/2 - z**2/2 - z - 3. Let f(n) be the first derivative of r(n). Let d be (-2)/3 + (-20)/6. Calculate f(d).
-5
Let a(r) = r**2 + 7*r + 7. Let i(s) = -8*s - s**2 + 2*s**2 + 2*s - 2*s + 6. Let o be i(6). Calculate a(o).
1
Let x = 1 + 0. Let z(f) be the third derivative of 0 + 0*f**3 - 2/15*f**5 - f**2 + 0*f + 0*f**4. Calculate z(x).
-8
Suppose 2*q + 4 = 6. Let c(p) = -3*p**3 - 4*p**2 + 5*p. Let b(t) = 2*t**3 + 5*t**2 - 6*t. Let v(u) = -5*b(u) - 6*c(u). Calculate v(q).
7
Let q(o) = -o**3 + 3*o**2 + 6*o - 4. Let z be q(4). Let s = z - 1. Let t(k) = 5 - 1 - 3*k - k. Give t(s).
-8
Suppose g = 3*g - 14. Let z(b) = 11*b + 5. Let d(c) be the first derivative of 8*c**2 + 8*c + 1. Let h(t) = g*z(t) - 5*d(t). Calculate h(-4).
7
Let l(z) = 0*z**3 - 4 + 9*z**3 + 7*z**3 - 17*z**3 + z. Let p be -3 - -1*2 - -1. Let q = 0 - p. What is l(q)?
-4
Let g be (-6)/(-1 + -1) - 0. Let v be (-5 - -12) + (0 - g). Let j(q) = -3*q**2 + 0 + 2 - 4 + v*q**2. What is j(-2)?
2
Let j(g) = 5 + 5*g - 4 + g**2 - 2*g**2. Let i(h) = h**2 + 10*h - 5. Let x be i(-11). Calculate j(x).
-5
Suppose 3*c = y + 12, 3*y + 2*c = -c - 12. Let a be ((-6)/(-9))/(1/y). Let n(v) = v**3 + 5*v**2 + 7*v + 5. Determine n(a).
-7
Let o(l) be the second derivative of l**4/12 + 4*l**3/3 + 9*l**2/2 + 3*l. Calculate o(-6).
-3
Let m(w) = -6*w + 1. Let h(j) = -7*j + 2. Suppose 0 = 4*v - 6*v + 6. Let p(t) = v*m(t) - 2*h(t). Give p(1).
-5
Let f = -7 - -10. Let q(h) = -h**f + 2 + 0*h**3 + 5*h**2 - 3*h**2 + 3*h**2 - h. Let s = -8 - -13. Calculate q(s).
-3
Let t(l) = l - 7. Let u(x) = -2*x + 14. Let b(y) = -5*t(y) - 2*u(y). What is b(5)?
2
Let r(u) = -u**2 - 6*u - 2. Suppose -4*o - 30 = o + 3*x, 4*o + 5*x + 24 = 0. Give r(o).
-2
Let h(t) = t. Let c = 3 + -14. Let p = c + 12. Determine h(p).
1
Let g(l) = l**3 + 9*l**2 + 8*l - 4. Let y be g(-8). Let h(k) be the second derivative of k**3/3 + 5*k**2/2 - 2*k. Give h(y).
-3
Let l(i) = i**2 + 4*i + 2. Let m be (4/(-12))/(2/(-6)). Let j be 2*(-1 + (1 - m)). What is l(j)?
-2
Let q(s) = -s**3 + s**2 + 1. Let g = 13 - 22. Let r(z) = z - 9. Let i be r(5). Let c be i/(-3)*g/(-6). Calculate q(c).
-3
Suppose 0 = -4*c + 25 - 17. Let y(z) = z**2 - 4*z + 3. Give y(c).
-1
Let z(t) = t**3 + t**2 - 15. Let n = -28 + 28. Determine z(n).
-15
Let f(o) be the second derivative of -o**8/6720 + o**7/2520 + o**6/240 - o**5/40 + 7*o**4/12 - 5*o. Let g(y) be the third derivative of f(y). Calculate g(2).
-1
Suppose 3*g = -g. Suppose g - 4 = -i. Let v(o) be the second derivative of -o**3/6 + 5*o**2/2 + 22*o. What is v(i)?
1
Let x(m) = 1 + 1 - 3*m + 2*m**2 + 0. Determine x(2).
4
Let h = -10 - -8. Let k = h + 7. Let s(g) = 2 + g - 3 - 3. Give s(k).
1
Let n(q) = q + 1. Suppose -2*b + 6 = -3*b. Let p(f) = f - 7. Let t(w) = b*n(w) - p(w). Give t(1).
-6
Let y(f) = -f**2 + 8*f + 2. Let v be (-3 + 0)/((-30)/80). Determine y(v).
2
Let k be 5*1/(-5)*-3. Let s be (-1 - -2)/(-1) + 6. Suppose s*x - 10 = -j + x, -2 = -k*j + 2*x. Let h(z) = z**2 + z. Give h(j).
6
Let i(p) = p**3 + 4*p**2 + p - 2. Let q be i(-4). Let u(g) = 7*g**3 - g**2 + 8*g - 3. Let n(r) = -r**3 - r. Let w(j) = q*n(j) - u(j). Give w(2).
-5
Suppose -3 - 1 = 2*h + 4*w, -5*h + 4*w = -4. Let l(p) be the third derivative of 0 + p**2 + h*p + 1/24*p**4 + 0*p**3. Calculate l(-5).
-5
Suppose 5*c + 4 = c. Let s(i) be the second derivative of -i**5/24 + i**3/6 + 2*i. Let j(t) be the second derivative of s(t). What is j(c)?
5
Let c(k) = k + 3. Suppose -j + 15 = 2*j. Suppose -o - j*l = -0*o + 10, 0 = -2*o + 5*l + 10. Give c(o).
3
Let r(g) be the third derivative of -g**8/2240 + g**6/720 + g**5/20 - 2*g**2. Let y(l) be the third derivative of r(l). Determine y(-1).
-8
Let d(j) = -j**3 - 1. Let h = 30 + -14. Let f = 15 - h. What is d(f)?
0
Suppose -32 = -4*z + 2*i, 5*z + 5*i - 3*i = 31. Let v(c) = -2*c + c + 1 + z*c. Let u be v(-1). Let d(y) = -y**2 - 7*y - 6. What is d(u)?
4
Suppose 4*h - 30 = -2*o, -3*h + 5*h - 4*o = -10. Let l(x) = 2*x - 2. Determine l(h).
8
Let h(s) = -8*s**3 + 4*s**2 - 2*s - 5. Let x(c) = 7*c**3 - 4*c**2 + c + 5. Let n(j) = 6*h(j) + 7*x(j). Give n(5).
5
Suppose -3*g + 0 = 3, -2*g - 17 = -3*z. Let y(p) be the first derivative of p**4/4 - 4*p**3/3 - 3*p**2 + 5*p - 3. Determine y(z).
0
Let l(x) = -x**3 - 2*x**2 + 3*x + 1. Let f = 0 - 3. Determine l(f).
1
Suppose -2*w = -3*s + 6, -4*w - 16 = -3*s - 4. Let n(k) = k + 4. What is n(w)?
1
Let f = -4 - -7. Let k(h) be the second derivative of h**5/20 - h**4/4 + h**3/2 + h**2/2 + h. Determine k(f).
10
Let d(g) = g**3 - 6*g**2 + g - 2. Suppose 0 = -2*h - 4*n + 16, -h + 11 = 4*n + n. Determine d(h).
4
Let r(a) = -a**3 - 3*a**2 - 1. Let d be r(-3). Let h be d/4*-2*4. Let f(t) = -t**2 + 1 + 4 - 4. Determine f(h).
-3
Let n(l) be the first derivative of -3*l**2 + 2 + 1/3*l**3 + 3*l. Suppose -5*w = 9*w - 42. Give n(w).
-6
Let j(p) = -4*p - p - 3 - 2*p**2 + 3*p. Let d = -273 + 271. Give j(d).
-7
Let q(a) = -a**3 + 7*a**2 - 4*a - 8. Let f be q(6). Suppose f*j + 3 = 3*j. Let x be 1*(-4)/(j/(-3)). Let w(d) = 2*d + 5. Determine w(x).
-3
Let w(c) = -3*c + 6*c - 15 - 4*c. Calculate w(0).
-15
Let i(s) = -1. Let p(o) = -o**2 + o + 1. Let d(n) = 2*i(n) - p(n). Suppose b = -5*x - b - 6, -3*x + 4*b = -12. What is d(x)?
-3
Suppose -4*n = 20, -h - n - 11 = 2*n. Suppose 3*c + 2*c = 5. Let i = c + h. Let z(q) = 3*q - 6. Determine z(i).
9
Let o(x) = -9*x**2 + 8*x**2 + 32 + 2*x - 32. Determine o(3).
-3
Let k(y) be the first derivative of -2*y**3/3 - y**2/2 + 1. Let z = 122 - 121. Calculate k(z).
-3
Let y = 38 + -33. Let j(r) = r**3 - 6*r**2 + 7*r - 1. Calculate j(y).
9
Let y(q) be the second derivative of q**3/6 - q**2 - q. Let g be 20*(9/(-12) - -1). Let c be 6/g*(-50)/(-20). Calculate y(c).
1
Let h be (8 - 4) + 2/(-1). Let b(s) = 0 - 3 - 2*s**2 + 6 - 4*s - h. Calculate b(-3).
-5
Suppose 2*k + 25 = -5*r, 2*r + r - 6 = 3*k. Let s(x) = x**2 + 6*x. Calculate s(k).
-5
Suppose -75 + 54 = -7*j. Let v(b) be the second derivative of -1/12*b**4 + 0 + 2*b**2 + 2/3*b**j + 3*b. What is v(6)?
-8
Let c(o) = 9 - 7*o + 14 - 21 - 5*o**2. Let m(z) = -4*z**2 - 7*z + 1. Let x(y) = 3*c(y) - 4*m(y). Give x(-7).
2
Suppose 2*s = 8 - 4. Let u be 9/((-7)/(-2) - s). Let o(a) be the first derivative of -a**3/3 + 5*a**2/2 + 7*a + 25. What is o(u)?
1
Let k(s) = -s. Let q(r) = r - 21. Let b(d) = -d + 22. Let z(g) = 5*b(g) + 6*q(g). Let x be z(11). Let m = x - -8. Give k(m).
-3
Let s be 0 - ((-2)/(-1) + -2). Suppose -5*t + s*t = -50. Suppose -2*w - 10 = -5*r, w - t = -2*r + 3. Let z(m) = m**3 - 4*m**2 - m. What is z(r)?
-4
Let n(z) = -2*z - 4 + z + 15. Let m(t) = t**3 - 5*t**2 - 3*t - 6. Let y be m(6). Let d = y - 12. What is n(d)?
11
Let a(p) = -5*p**2 - 9*p + 3. Let q(r) = -3*r**3 - r. Let m be q(-1). Let w(y) = 4*y**2 + 8*y - 3. Let v(f) = m*w(f) + 3*a(f). Determine v(-5).
-3
Let w = 12 - 12. Let b be 0 - 5 - w/(-14). Let o(j) = j**3 + 6*j**2 + 4*j - 4. What is o(b)?
1
Let d(s) = -1. Let a(p) = -11*p - 8. Let v(q) = a(q) - 5*d(q). Determine v(-2).
19
Let x(k) = k**2 + 5*k - 5. Let q = 3 + -8. Let v be x(q). Let u(c) = -7*c + c**3 + 4*c**2 - 5 + 3*c - 3*c. What is u(v)?
5
Let s(r) = 7*r + 1. Suppose -4*t = -3 - 1. Determine s(t).
8
Let v(o) be the first derivative of 3/2*o**2 + 5 - 3*o - 2/3*o**3. Calculate v(2).
-5
Suppose -3*h + 4 = 2*t - 0, 5*h + 6 = 3*t. Let m = 1 + t. Let z(x) be the first derivative of -x**2 + 4*x + 3. What is z(m)?
-2
Let r(w) = 2*w**2 - 12*w + 9. Let n(u) = u**2 - 11*u + 9. Let l(j) = -5*n(j) + 4*r(j). Let k(g) = -g**2 - 2*g + 3. Let q(m) = 11*k(m) + 4*l(m). Give q(-5).
-8
Let j(x) = x**2 - 7*x - 2. Let b be j(6). Let m = -14 - b. Let a(n) be the first derivative of n**3/3 + 4*n**2 + 9*n - 18. Give a(m).
-3
Let u(p) = -4 - 4*p + 4*p - p**2 - 6*p. Let i be u(-5). Let w(d) = -5*d**2 + 6*d**2 - 3*d**2 + d. Give w(i).